 = -11*i**2 - i. Suppose 4*k + 12 = -0, 2*c + 3*k = -11. Let q be g(c). List the prime factors of 354/15 - 4/q.
2, 3
Suppose -8*q + 3*b + 440 = -4*q, 4*b + 16 = 0. Suppose 110*y = q*y + 2505. What are the prime factors of y?
5, 167
Suppose 410 = 57*b - 55*b. Suppose 2*k - b = 3*u, 0 = -72*u + 68*u + 20. What are the prime factors of k?
2, 5, 11
Let f be -117 - (12/(-8))/(3/8). Let b be 7/(-7)*(0 - -10). Let c = b - f. List the prime factors of c.
103
Let o be (-18)/12 + 2 - (-3)/2. Let c = o + 4. Suppose 5*d = w + 455, -5*d + 435 = w - c*w. List the prime factors of d.
2, 23
List the prime factors of 550242/792 + -2*2/(-16).
5, 139
Suppose h - 20717 = 5*k, 3*k - 103669 = 24*h - 29*h. What are the prime factors of h?
2, 71, 73
Let z(p) = 7172*p + 135. What are the prime factors of z(4)?
19, 37, 41
Let q = 972 + -992. What are the prime factors of (-7051)/(-6) + q/120?
5, 47
Let d be 1/(-1) - (1 - 5). Let b(h) = -19*h - d + 10*h - h**3 - 16*h**2 + 3*h. What are the prime factors of b(-16)?
3, 31
Suppose -5*v = -8*v + 6. Suppose -11 - 7 = -v*y. Suppose -687 = -y*l + 519. What are the prime factors of l?
2, 67
Let q = 3004 - 1374. Let h = 2790 - q. List the prime factors of h.
2, 5, 29
Let w = -646 - -1540. List the prime factors of w.
2, 3, 149
Let c = 66 - 37. Let w = 7 - c. Let x = w + 126. What are the prime factors of x?
2, 13
Let s(a) = -2*a**2 + 36*a + 6. Let n be 12/5*(-1040)/(-39). Let h be 3 + -4*1 - n/(-4). What are the prime factors of s(h)?
2, 3
Let u(f) = f**2 - 4. Let x(q) = 8*q**2 - 11*q + 87. Let k(r) = -4*u(r) + x(r). List the prime factors of k(11).
2, 233
Let x(t) = -5297*t - 812. List the prime factors of x(-15).
78643
Let x be 1027 + -6 + (-11)/(-1). Let p = x + -567. What are the prime factors of p?
3, 5, 31
Let p(t) = -6*t**3 - 5*t**2 - 2. Let m(v) = -v**3 + v. Let a = -36 + 37. Let y(d) = a*p(d) - 5*m(d). What are the prime factors of y(-4)?
2
Suppose -452981 - 332720 = -97*y - 10*y. List the prime factors of y.
7, 1049
Let x = -2 + 7. Let f be -5 + 380/1 + -6. Suppose -x*w - 9 + f = 0. What are the prime factors of w?
2, 3
Let j(o) be the third derivative of -o**5/24 - 37*o**4/24 + 8*o**3/3 - 16*o**2. Let v(i) be the first derivative of j(i). List the prime factors of v(-11).
2, 3
Let l(p) = 46*p**2 + 177*p - 206. List the prime factors of l(-21).
16363
Suppose -18*s - 3*m + 233 = -20*s, -m = 3. Let l = s + 479. List the prime factors of l.
2, 179
Let r be (0 + (159*-2)/6)*-1. Suppose -5*t + 2*x = -5361, r*t - 52*t - 5*x = 1063. List the prime factors of t.
29, 37
Let t be -3*7/(42/(-8)). Suppose 0 = 2*n + t*m - 874, 0*m + m + 849 = 2*n. What are the prime factors of n?
7, 61
Suppose 0 = -2*m - 7*y + 70832, 16850 - 123023 = -3*m + 2*y. What are the prime factors of m?
5, 7079
Suppose 2*j = 3*u - 3, 2*u - 2 + 5 = 3*j. Let v(n) = n**2 - n + 6. Let z be v(j). What are the prime factors of 24/9*90/z?
2, 5
Suppose 14*w = 25978 + 39752. Suppose 0*h - 3*s + 939 = h, -5*h + 2*s = -w. What are the prime factors of h?
3, 313
Let r(h) = -h + 20. Let k be r(15). Suppose f - 2*f - 45 = -2*b, -135 = 3*f - k*b. What are the prime factors of 3/(f/12)*-10?
2
Suppose 7*j = 36600 + 20940. What are the prime factors of j?
2, 3, 5, 137
Let i(b) = -b + 31. Let g be i(-24). Suppose -g = -3*m + 104. List the prime factors of m.
53
Suppose a = 13*a - 36. Suppose a*v = 217 + 377. What are the prime factors of v?
2, 3, 11
Let v = 168 + -111. Suppose v - 17 = 4*y. Suppose 0*n = y*n - 2220. What are the prime factors of n?
2, 3, 37
Let p(l) = 1826*l**2 - 403*l + 2449. List the prime factors of p(6).
13, 5059
Let v(q) = 18276*q**3 + 3*q**2 - 16*q + 14. List the prime factors of v(1).
7, 373
Suppose -143*t = -573508 - 8946002. What are the prime factors of t?
2, 3, 5, 7, 317
Let o(s) = -2896*s - 1695. What are the prime factors of o(-5)?
5, 2557
Suppose 12*l = -2*l - 42. Let h(r) = 5 + 9 - 1 + r - 4. List the prime factors of h(l).
2, 3
Let f = 1 + 59. Let w = f + -4. What are the prime factors of w?
2, 7
Suppose -v + 10798 = -49*z + 46*z, 3*v - 5*z = 32374. What are the prime factors of v?
41, 263
Suppose -4*d + 1 = 2*r + 3, 2*d = 2*r - 28. Let t(a) = 4*a**2 + 7 - r*a - 13 + 1. What are the prime factors of t(7)?
2
Let d(r) = 12*r**2 + 12*r - 4. Let l be d(-9). Suppose -12*q + 88 = -l. Suppose -h = -3*y + q, 2*h = y - 2*y + 38. List the prime factors of y.
2, 7
Suppose 0 = -7*v + 4098 - 17412. Let j = 3307 + v. What are the prime factors of j?
5, 281
Let m(c) = 377*c + 8702. What are the prime factors of m(0)?
2, 19, 229
Suppose 23*h - 26*h - 18 = 0. Let s be h/(-3)*2 + -2. Suppose 5*q + 0*v - 55 = s*v, -5*v - 27 = -4*q. What are the prime factors of q?
13
Let w = 14136 + -4594. What are the prime factors of w?
2, 13, 367
Let k(f) = -10 + 4*f**2 - f**2 - 9*f - 4*f - 5*f**2. Let w be k(-5). Suppose 2*a = -w*g + 511, 145 = -5*g - 4*a + 652. List the prime factors of g.
103
Let z(t) = -1555*t - 30. Let v be z(-10). List the prime factors of v/35 - -5 - 4/(-7).
449
Let s = -224 - -227. Suppose -337 = -s*q + 983. What are the prime factors of q?
2, 5, 11
What are the prime factors of (-29 + 4444/(-4))*(-1)/3?
2, 5, 19
Let j = -41 - -31. Let d(b) be the first derivative of b**3/3 + b**2 - 20*b + 3. List the prime factors of d(j).
2, 3, 5
Suppose -15*g + 10*g = 75. What are the prime factors of (-290)/g*1/2*6?
2, 29
Let o = -7595 + 15671. What are the prime factors of o?
2, 3, 673
What are the prime factors of (((-425936)/(-42))/8)/((-3)/(-9))?
3803
Let a = -4858 - -18464. What are the prime factors of a?
2, 6803
Suppose -4*h + 3*c = -2508, 789 + 1091 = 3*h - 2*c. Suppose -4*d + h = -536. Suppose 196 + d = 2*s. What are the prime factors of s?
3
Let w(r) = 5*r**2 + 3*r + 28. Let i be w(10). Let b = i - 190. List the prime factors of b.
2, 23
Let g(t) = -t**3 + 13*t**2 + 4. Let h be g(13). Suppose -3*l - h*s = -l - 606, -2*s = -2*l + 600. List the prime factors of l.
7, 43
Let f(m) = 223*m**2 - 149*m + 33. What are the prime factors of f(7)?
47, 211
Let h = 353 + -349. Let z = 5 + -3. Suppose -z*f - h*d = -170, d = 4*f + f - 458. List the prime factors of f.
7, 13
Suppose k - 40039 = 2*q, -2*k + 32627 + 47451 = -5*q. List the prime factors of k.
40039
Let c = -277 - -270. List the prime factors of 705 + 12*c/(-14).
3, 79
Suppose -5*s + 26 = 3*a + 3, 5*s - 24 = -4*a. Suppose 4*b = 4*z - 4840, -s*z - 4*b = -b - 4826. What are the prime factors of z?
2, 151
Suppose 83*a - 88*a = 4*k - 57569, a - 2*k = 11497. List the prime factors of a.
17, 677
Let r = 80561 - 23803. List the prime factors of r.
2, 13, 37, 59
Suppose 0 = -w - 4*i - 965, 0 = -0*i + 5*i - 15. Let k = 1499 + w. What are the prime factors of k?
2, 3, 29
Let n = 77 - 45. Suppose 0*s - 92 = 4*s + 5*v, s + 23 = 4*v. Let o = n - s. What are the prime factors of o?
5, 11
Let p(k) = -1716*k + 2399. List the prime factors of p(-9).
7, 2549
Let j = 124 - 50. Suppose 0 = -g - 53 + j. Suppose -g*b - 336 = -23*b. List the prime factors of b.
2, 3, 7
Let y(f) = -4*f**2 + f + 2. Suppose 4*x - 9 + 1 = 0. Let a be y(x). Let t(u) = -6*u + 16. List the prime factors of t(a).
2, 11
Let k = -992 - -2262. List the prime factors of k.
2, 5, 127
Let x = -113 + 166. Let s = x + -53. Suppose 7*f + 207 - 522 = s. List the prime factors of f.
3, 5
Let k(j) = -7*j - 6. Let i = 27 + -16. Let s(u) = -13*u - 11. Let c(w) = i*k(w) - 6*s(w). What are the prime factors of c(3)?
3
Let d(w) = -11*w - 77. Let f(v) = -v**2 - 9*v - 2. Let c be f(-10). What are the prime factors of d(c)?
5, 11
Suppose b = f, 3*b - 2*b = 5*f - 4. Suppose -5*x - 5*j + 1950 = 0, 5*j = f + 9. Let g = x - 232. What are the prime factors of g?
2, 3, 13
Suppose 2*w = -3*h, -17*h = -18*h - 2*w + 4. What are the prime factors of (798 - (h - -2)) + (-15)/(-15)?
17, 47
Let m = 101 - 98. Suppose 12*l = -m*l + 45. Suppose 2*b - 1170 = -l*b. List the prime factors of b.
2, 3, 13
Suppose 4*y - 5*h - 53692 = 0, -351*y + 356*y - 67086 = -h. List the prime factors of y.
2, 6709
Let x be 8/(26/12 + 22/(-132)). Suppose -s - 5*c + 182 = 0, 2*s + 5*c = x*s - 424. List the prime factors of s.
2, 101
List the prime factors of (-14621)/(-2) - (0 + (-2)/4 + -2).
71, 103
Suppose -5*r - 45 = 4*r. Let f be 2/r + 4532/55. Suppose -31*u = -29*u - f. List the prime factors of u.
4